*f - 4*f - 7*f. Determine p(2).
-16
Suppose 5*p = -0 + 10, -p + 2 = 4*x. Let t(r) be the first derivative of r**2/2 + 8*r + 1. Calculate t(x).
8
Suppose 0 = -0*n - 3*n + 9. Let w(u) = 5*u**2 - u + 4. Let x(j) = 4*j**2 + 3. Let h(m) = 5*w(m) - 6*x(m). What is h(n)?
-4
Let h(u) = u**2 - 4. Let b(y) = -y**3 + 6*y**2 - 4*y - 3. Let a be b(5). Suppose -3*i + 8 = -a*i. Let x = i - 5. What is h(x)?
5
Let g(y) = y - 5*y + 1 - 4*y + 2*y. Suppose -3*h = 2*n + 2*n - 5, 4*n - 3*h + 13 = 0. Calculate g(n).
7
Let d(y) = -y**3 + 6*y**2 - 5*y + 6. Let s(b) = b - 10. Let h be s(9). Let z be h - 11*(-1)/1. Suppose 2*q = 4*l - z, -l + 38 - 8 = 5*q. Calculate d(q).
6
Suppose -2*w + 1 = -3*y, 4*w + 2 = -w + 3*y. Let k(d) = -3*d**3 + d**2 + 2*d + 1. What is k(w)?
3
Let c(f) = f**2 + 7*f - 10. Suppose -k - 1 - 7 = 0. Let r be c(k). Let d(i) = -3 - 4*i + i + i. Determine d(r).
1
Let t(j) = j + 2. Let u(d) be the second derivative of -d**4/12 - 3*d**3/2 - 5*d**2/2 - 5*d. Let k be u(-8). What is t(k)?
5
Let a(c) be the first derivative of 3*c**2/2 + 4*c + 5. What is a(-3)?
-5
Let t(d) = d + 3 - 2 + 8*d - 8*d. Give t(5).
6
Let x(h) be the first derivative of -1 + 0*h**3 - 3/4*h**4 - h**2 - h. Calculate x(-1).
4
Let t be 1 + 0 - (-1 - 2). Let w(o) be the second derivative of o**5/60 - o**4/24 - o**3/6 + o**2/2 - o. Let k(q) be the first derivative of w(q). What is k(t)?
11
Suppose 0*p - 3*p = -6. Let d(c) = 1 - 6*c + 1 - 4*c**2 - 3 + 5*c**p. What is d(5)?
-6
Let g(b) = b**2 - b + 9. Let q be 1 + (-8)/12*(-12)/(-8). Determine g(q).
9
Let t(m) = -m + 6. Let j = -4 + 4. Let h(c) = 14 - 2*c + j*c**2 + 6*c + 5*c - c**2. Let p be h(10). Give t(p).
2
Let m(w) = 3*w + 1. Let f(y) = 2*y. Suppose -2*g + 10 = -0. Let d(r) = g*f(r) - 4*m(r). Suppose 3*k = -7 - 8. Calculate d(k).
6
Let w = -7 - -8. Let z(s) = 5*s**2. What is z(w)?
5
Let x(o) = -7*o**2 - 4*o + 7. Let n(t) = 15*t**2 + 8*t - 14. Let p(u) = -6*n(u) - 13*x(u). What is p(-5)?
-2
Let i(d) = -6*d + 1. Let w be 0 - -2 - 21/7. Let h(c) = c. Let g(u) = w*i(u) - 3*h(u). What is g(-1)?
-4
Let t be 1/(2 + (-6)/4). Suppose -7*x + t*x - 2*z + 22 = 0, x + 6 = -3*z. Let i(g) = g - 4. Give i(x).
2
Let i(p) = 0 + 4*p - p - 3. Let m be 0 + 3 + -3 + 2. Suppose 0 = -5*u - m*t + 11, -3*t = -4*t - 2. Calculate i(u).
6
Let n(r) = 10*r. Let i(p) = p**3 + 7*p**2 - 2*p - 1. Let a be i(-7). Suppose -y = 2*l + 11, 4*l - a + 33 = 0. Calculate n(y).
-10
Suppose -25 = -5*g, -4*h + g - 3*g - 10 = 0. Let q(j) = -12*j**2 + 16*j**2 - 18*j**3 + 1 - 7*j + 19*j**3. Calculate q(h).
11
Let f(s) = 8*s**2 + s + 1. Suppose 0 = -2*p - y, 5*p - 5*y + 13 = -2. Calculate f(p).
8
Let g(p) = p. Let j(w) be the second derivative of -4*w - w**3 + 1/20*w**5 - 1/2*w**2 + 1/3*w**4 + 0. Let d be j(-5). Determine g(d).
4
Let i(s) = 3*s**2. Let c be i(1). Let y = -2 - c. Let l(t) be the third derivative of t**5/60 + t**4/4 + t**3/2 - 2*t**2. Calculate l(y).
-2
Let u(j) = 0 + 7*j - 6*j + 1. Give u(4).
5
Let d = 5 - 0. Let w = d - 0. Let j(n) be the second derivative of -n**3/6 + 3*n**2/2 + 2*n. Calculate j(w).
-2
Let g(d) = -d. Suppose -b - 3 = -2. Determine g(b).
1
Let m(c) be the second derivative of c**5/20 - c**4/2 + 2*c**3/3 + 54*c. Calculate m(5).
-5
Let s(k) = -k - 1. Let o = 7 - -2. Suppose 3*r + 3 = o. Determine s(r).
-3
Let f(m) be the third derivative of -2*m**2 + 1/6*m**3 + 0*m + 1/24*m**4 + 0. Suppose 2 = -5*k - 2*i, 3*i + 4 = k + 1. What is f(k)?
1
Let z(u) be the first derivative of 2*u**3 - u**2 + u - 67. Suppose -24 = -4*a - 8. Suppose 5*f + 12 = -3*m, -a*m + 5*f + 18 = -1. Calculate z(m).
5
Let s(g) = g**2 - 4*g - 7. Let x be s(5). Let n(q) = -2*q**3 - 2*q**2 - 3*q - 3. Let j(b) = b**3 + b**2 + 2*b + 3. Let o(k) = x*n(k) - 3*j(k). Determine o(0).
-3
Let t(j) be the third derivative of -1/24*j**4 + 0*j + 0 - 3*j**2 - 7/6*j**3. Calculate t(-4).
-3
Let w(s) = s. Let g(z) = -2. Let f(o) = g(o) - 5*w(o). Calculate f(2).
-12
Let b(y) be the second derivative of y**5/2 + 13*y**4/12 - 8*y**3/3 - 2*y. Let u(d) = 7*d**3 + 9*d**2 - 11*d. Let s(g) = 5*b(g) - 7*u(g). Calculate s(-3).
0
Let d = -12 - -19. Let b(c) = c**2 + 7*c - 3. Let a(x) = -2*x**2 - 13*x + 6. Let o(z) = d*b(z) + 4*a(z). Let w(j) = j**2 + 13*j - 3. Let q be w(-13). Give o(q).
3
Let n(i) = 3*i**2 + 6*i - 5 - 2*i**2 - 1. Let k = -15 - -9. Determine n(k).
-6
Suppose -n = y + 1 - 5, -4*n + 8 = 0. Let l(a) = a + 0*a - 6 - 2*a + y*a. Calculate l(-6).
-12
Let x(u) = -u + 3. Let f(d) = d**3 + 2*d**2 - 2*d + 1. Let j be f(-3). Let t be (j - -2*1) + 3. Suppose 2*v - t = 3. Determine x(v).
0
Let n(o) = 5*o**2 - 7*o + 25. Let m(p) = p**2 - 2*p + 6. Let k(y) = -9*m(y) + 2*n(y). Suppose v + 2 = -3*b, 5*v - 3*b + 26 = -2*b. What is k(v)?
1
Let s = 8 + -3. Suppose 15 = 4*n - m, 0 = 3*n - 0*n - s*m - 24. Let r(t) be the first derivative of -t**4/4 + 4*t**3/3 - t**2 - 2*t - 2. What is r(n)?
1
Let u(g) = g - 10*g + g + g**2. What is u(6)?
-12
Let r be (-1274)/70 - 4/5. Let q = 20 + r. Let o(c) = -1 - c - 5*c + 0*c. Determine o(q).
-7
Let h(d) = 411 - 410 - d**2 + 3*d**2 - 11*d**3 - 2*d. Give h(1).
-10
Let c(r) = r**2 + 8*r + 7. Let p be (3 - 18)*(18/(-15))/(-3). Determine c(p).
-5
Let c(f) = f**3 - 4*f**2 - 5*f + 7. Let k(d) = -d**2 - 14*d + 10. Let b be k(-14). Suppose 6*g - 4*g - b = 0. Determine c(g).
7
Let w(o) = 3 + 14*o - 4 - 7*o**2 + o**3 - 9*o. Calculate w(6).
-7
Let j = 7 + 1. Let m = -4 + j. Let p(y) be the second derivative of -y**5/20 + y**4/3 + y**3/2 - 3*y**2 - y. What is p(m)?
6
Let u = 22 - 22. Suppose f - 15 = -4. Let x(t) = 9*t**2 - 11*t + 11. Let a(s) = 5*s**2 - 6*s + 5. Let d(w) = f*a(w) - 6*x(w). Give d(u).
-11
Let s(d) be the first derivative of d**5/20 + d**4/3 - 2*d**3/3 + d**2/2 + 3*d + 3. Let l(w) be the first derivative of s(w). Calculate l(-5).
-4
Let x(u) = u**2 + 11*u + 14. Let k(m) = m**2 + 11*m + 14. Let j(f) = 5*k(f) - 6*x(f). Calculate j(-10).
-4
Let z be (-8)/(-4) + 1 - 3. Let w(f) = f**2 + 4. Determine w(z).
4
Let w = 7 + -5. Let c(q) = -7 + q**w - 8*q + 0*q**2 - q**3 - 7*q**2. Calculate c(-5).
8
Let x(b) = -2*b**2 + 3*b - 4. Suppose 0 = -4*a + 5*a - 3. Determine x(a).
-13
Let z(v) = -7*v**2 + v. Suppose -2 = -5*l + 3. Give z(l).
-6
Let q(g) be the first derivative of -1/4*g**4 + 4 + 7/2*g**2 + 0*g + 4/3*g**3. Give q(5).
10
Let c(a) = -a**3 + 4*a**2 - 2*a - 3. Let w = -4 - -7. Let v be c(w). Let f(i) be the second derivative of -i**5/20 + i**4/12 - 2*i**2 + i. Determine f(v).
-4
Let s(q) = -q**2 - q. Let k(l) = -2*l**2 - 5*l + 1. Let r be 15/3 - 3 - 3. Let j(g) = r*k(g) + 5*s(g). Suppose -2*n = -3*n - 1. Calculate j(n).
-4
Let m = 0 - 6. Suppose 2*u - 9 = 3*o, -o - 8 = -2*o - 3*u. Let d = o - m. Let a(l) = l**2 - 3*l - 1. Calculate a(d).
9
Let n = 11 - 15. Let y(i) = -13*i**3 - 17*i**2 + 21*i - 7. Let c(x) = -7*x**3 - 9*x**2 + 11*x - 4. Let p(d) = 11*c(d) - 6*y(d). Calculate p(n).
2
Let g(t) = -2*t + 2. Let a = 42 + -30. Suppose -5*r + r = -a. What is g(r)?
-4
Let n(f) be the third derivative of -f**5/60 - f**4/12 + 2*f**2. Let r(j) = -j**2 + 3*j + 1. Let p be r(4). Calculate n(p).
-3
Suppose 3*z + 2*i = 2, 0*z - 3 = -z - 3*i. Suppose z = -5*r + h - 0*h + 8, 0 = 2*r - 4*h + 4. Let d(n) = 2*n**3 - 2*n - 1. What is d(r)?
11
Let i(v) = -v**3 + 8*v**2 - 8*v + 4. Let f be (6 - 5)/(1/7). What is i(f)?
-3
Let b(d) = -d**3 - 3*d**2 - 4*d - 4. Let x be b(-3). Suppose 0 = -4*o + 20, 5*i + 14 = -2*o - 6. Let j = x + i. Let w(a) = -2*a**2 + 3*a - 1. Give w(j).
-3
Suppose 0*j = -j. Let q(o) be the second derivative of o**5/120 - o**4/4 + o**3/2 + 3*o. Let k(y) be the second derivative of q(y). Calculate k(j).
-6
Let r(w) be the third derivative of w**6/120 - 2*w**5/15 + 7*w**4/24 - 5*w**3/6 - 6*w**2. Determine r(7).
-5
Let u = -1 - 0. Let y(o) = 1. Let z(a) = -2*a - 8. Let d(x) = u*z(x) - 2*y(x). Calculate d(-5).
-4
Let w(m) = m**3 + 2*m + 2 - 6 - 4*m**2 + 9*m**2. Determine w(-4).
4
Let a(r) = -r**3 + r. Suppose 2*p = -3*u - 11 - 7, -4*u - 5*p = 31. Let y(x) = -x**3 + 4*x**2 - x + 1. Let c be y(4). Let i = c - u. Give a(i).
0
Let o(x) be the first derivative of 2*x**2 - x - 2. Suppose -2 = -2*y + j - 3, -4*j = -4*y - 12. What is o(y)?
7
Let h(o) = -o**2 + 12*o - 15. Let z be h(10). Suppose -z*u = 2 + 3. Let s(a) = 5*a - 1. What is s(u)?
-6
Let g(p) = p**2 - 8*p - 1. Suppose 3*b + 4*k = -2, 0 = -